{"id":17,"date":"2023-07-17T07:32:27","date_gmt":"2023-07-17T07:32:27","guid":{"rendered":"https:\/\/osstravel.org\/?page_id=17"},"modified":"2023-07-18T15:18:04","modified_gmt":"2023-07-18T15:18:04","slug":"ueber-uns","status":"publish","type":"page","link":"https:\/\/osstravel.org\/","title":{"rendered":"\u00dcber uns"},"content":{"rendered":"\n<p class=\"has-large-font-size\"><strong>Wir bieten Ihnen: <\/strong><\/p>\n\n\n\n<div class=\"wp-block-group background-und-shadowBox has-global-padding is-layout-constrained wp-block-group-is-layout-constrained\">\n<ul class=\"wp-block-list\">\n<li>Die Beschaffung von: Fahrausweisen f\u00fcr Bahnfahrten, einschlie\u00dflich der Platzkarten f\u00fcr Sitz-, Schlaf- und Liegewagenpl\u00e4tze, Flug- und Schiffspassagen, Omnibusfahrten im Fernlinienverkehr.<\/li>\n\n\n\n<li>&nbsp;Das Erteilen von Ausk\u00fcnften \u00fcber diese Reisedienstleistungen.<\/li>\n\n\n\n<li>&nbsp;Die Vermittlung von: Pauschal- und Gesellschaftsreisen, Pauschalaufenthalten oder Einzelreisen mit den damit verbundenen Beherbergungs- und Verpflegungsleistungen, Autovermietung.<\/li>\n\n\n\n<li>&nbsp;Dienstleistungen, wie Reiseversicherung o.\u00e4.<\/li>\n\n\n\n<li>&nbsp;Individual-Reisen nach Ihren Vorstellungen<\/li>\n<\/ul>\n<\/div>\n\n\n\n<div class=\"wp-block-media-text alignwide has-media-on-the-right is-stacked-on-mobile\"><div class=\"wp-block-media-text__content\">\n<div class=\"wp-block-group background-und-shadowBox has-global-padding is-layout-constrained wp-block-group-is-layout-constrained\">\n<p><strong>Fragen? Rufen Sie uns an, wir freuen uns<\/strong>!<\/p>\n\n\n\n<p>Volker-P. Helms<\/p>\n\n\n\n<p>Phone: + 49 7181 9221 40<\/p>\n\n\n\n<p>Fax: + 49 7181 9221 41<\/p>\n\n\n\n<p><a href=\"mailto:office@osstravel.org\">office@osstravel.org<\/a><\/p>\n<\/div>\n<\/div><figure class=\"wp-block-media-text__media\"><img loading=\"lazy\" decoding=\"async\" width=\"1024\" height=\"682\" src=\"https:\/\/osstravel.org\/wp-content\/uploads\/2023\/07\/Indo-05-1024x682.jpg\" alt=\"\" class=\"wp-image-103 size-full\" srcset=\"https:\/\/osstravel.org\/wp-content\/uploads\/2023\/07\/Indo-05-1024x682.jpg 1024w, https:\/\/osstravel.org\/wp-content\/uploads\/2023\/07\/Indo-05-300x200.jpg 300w, https:\/\/osstravel.org\/wp-content\/uploads\/2023\/07\/Indo-05-768x512.jpg 768w, https:\/\/osstravel.org\/wp-content\/uploads\/2023\/07\/Indo-05-1536x1024.jpg 1536w, https:\/\/osstravel.org\/wp-content\/uploads\/2023\/07\/Indo-05.jpg 2000w\" sizes=\"auto, (max-width: 1024px) 100vw, 1024px\" \/><\/figure><\/div>\n","protected":false},"excerpt":{"rendered":"<p>Wir bieten Ihnen:<\/p>\n","protected":false},"author":1,"featured_media":0,"parent":0,"menu_order":0,"comment_status":"closed","ping_status":"closed","template":"","meta":{"inspiro_hide_title":false,"footnotes":""},"class_list":["post-17","page","type-page","status-publish","hentry"],"_links":{"self":[{"href":"https:\/\/osstravel.org\/index.php\/wp-json\/wp\/v2\/pages\/17","targetHints":{"allow":["GET"]}}],"collection":[{"href":"https:\/\/osstravel.org\/index.php\/wp-json\/wp\/v2\/pages"}],"about":[{"href":"https:\/\/osstravel.org\/index.php\/wp-json\/wp\/v2\/types\/page"}],"author":[{"embeddable":true,"href":"https:\/\/osstravel.org\/index.php\/wp-json\/wp\/v2\/users\/1"}],"replies":[{"embeddable":true,"href":"https:\/\/osstravel.org\/index.php\/wp-json\/wp\/v2\/comments?post=17"}],"version-history":[{"count":18,"href":"https:\/\/osstravel.org\/index.php\/wp-json\/wp\/v2\/pages\/17\/revisions"}],"predecessor-version":[{"id":119,"href":"https:\/\/osstravel.org\/index.php\/wp-json\/wp\/v2\/pages\/17\/revisions\/119"}],"wp:attachment":[{"href":"https:\/\/osstravel.org\/index.php\/wp-json\/wp\/v2\/media?parent=17"}],"curies":[{"name":"wp","href":"https:\/\/api.w.org\/{rel}","templated":true}]}}